 37, 71
What are the prime factors of 300214?
2, 150107
List the prime factors of 3731584.
2, 29153
List the prime factors of 1386087.
3, 41, 59, 191
List the prime factors of 519017.
103, 5039
What are the prime factors of 8369042?
2, 11, 157, 2423
List the prime factors of 4975729.
11, 113, 4003
List the prime factors of 8565642.
2, 3, 127, 1249
List the prime factors of 2381331.
3, 793777
List the prime factors of 336867.
3, 112289
What are the prime factors of 2268967?
727, 3121
What are the prime factors of 2445405?
3, 5, 163027
What are the prime factors of 4761186?
2, 3, 509, 1559
What are the prime factors of 6221973?
3, 1091, 1901
List the prime factors of 14149616.
2, 13, 59, 1153
List the prime factors of 236795.
5, 13, 3643
What are the prime factors of 1262329?
37, 109, 313
List the prime factors of 6048032.
2, 331, 571
What are the prime factors of 274270?
2, 5, 27427
What are the prime factors of 856422?
2, 3, 7, 971
What are the prime factors of 830566?
2, 11, 19, 1987
List the prime factors of 9621080.
2, 5, 7, 34361
What are the prime factors of 14484515?
5, 2896903
List the prime factors of 35550334.
2, 67, 359, 739
What are the prime factors of 172346?
2, 17, 37, 137
What are the prime factors of 14986909?
7, 2140987
What are the prime factors of 5810287?
7, 830041
List the prime factors of 4218844.
2, 7, 23, 6551
List the prime factors of 1840597.
11, 149, 1123
List the prime factors of 198780.
2, 3, 5, 3313
List the prime factors of 3507335.
5, 13, 53959
What are the prime factors of 34607661?
3, 11, 1048717
List the prime factors of 1157223.
3, 385741
What are the prime factors of 48044?
2, 12011
List the prime factors of 11277716.
2, 19, 179, 829
What are the prime factors of 11931282?
2, 3, 11, 60259
List the prime factors of 6307907.
953, 6619
What are the prime factors of 2126908?
2, 7, 37, 2053
What are the prime factors of 1659200?
2, 5, 17, 61
What are the prime factors of 252796?
2, 63199
What are the prime factors of 4685553?
3, 173539
What are the prime factors of 774599?
7, 239, 463
List the prime factors of 412017.
3, 137339
List the prime factors of 331019.
13, 25463
What are the prime factors of 141803?
141803
What are the prime factors of 168317?
17, 9901
List the prime factors of 583315.
5, 116663
List the prime factors of 17436509.
17, 19, 37, 1459
List the prime factors of 6983849.
19, 137, 2683
What are the prime factors of 165787?
193, 859
What are the prime factors of 1921052?
2, 7, 19, 23, 157
What are the prime factors of 714671?
41, 17431
What are the prime factors of 471651?
3, 157217
List the prime factors of 56653.
181, 313
What are the prime factors of 19887378?
2, 3, 7, 41, 11549
What are the prime factors of 9008620?
2, 5, 450431
What are the prime factors of 8846976?
2, 3, 23039
List the prime factors of 399521.
67, 89
List the prime factors of 19815828.
2, 3, 229, 7211
List the prime factors of 242369.
17, 53, 269
What are the prime factors of 113195?
5, 22639
What are the prime factors of 1093699?
1093699
List the prime factors of 9065356.
2, 19, 101, 1181
What are the prime factors of 2293066?
2, 1146533
List the prime factors of 33581460.
2, 3, 5, 11, 17, 41, 73
What are the prime factors of 2229537?
3, 743179
What are the prime factors of 6741578?
2, 3370789
What are the prime factors of 125906?
2, 11, 59, 97
What are the prime factors of 24174332?
2, 7, 13, 66413
What are the prime factors of 15505628?
2, 43, 90149
What are the prime factors of 17825729?
59, 431, 701
List the prime factors of 370620.
2, 3, 5, 29, 71
What are the prime factors of 658946?
2, 329473
List the prime factors of 19963.
19963
List the prime factors of 558988.
2, 139747
List the prime factors of 398538.
2, 3, 7, 3163
What are the prime factors of 3261092?
2, 815273
What are the prime factors of 1432218?
2, 3, 238703
What are the prime factors of 2738779?
2738779
What are the prime factors of 1573915?
5, 7, 193, 233
What are the prime factors of 727336?
2, 90917
What are the prime factors of 235394?
2, 37, 3181
List the prime factors of 554694.
2, 3, 7, 47, 281
List the prime factors of 126291.
3, 11, 43, 89
What are the prime factors of 154004?
2, 38501
List the prime factors of 4518271.
83, 54437
What are the prime factors of 7567272?
2, 3, 227, 463
What are the prime factors of 33341?
7, 11, 433
What are the prime factors of 645234?
2, 3, 31, 3469
What are the prime factors of 1464248?
2, 103, 1777
List the prime factors of 106557.
3, 11, 3229
List the prime factors of 3198439.
29, 110291
List the prime factors of 191104.
2, 1493
List the prime factors of 690988.
2, 227, 761
What are the prime factors of 257009?
157, 1637
List the prime factors of 555627.
3, 89, 2081
What are the prime factors of 219592?
2, 27449
What are the prime factors of 23970841?
23970841
List the prime factors of 21861.
3, 7, 347
What are the prime factors of 867303?
3, 29, 3323
List the prime factors of 1589574.
2, 3, 7, 37847
List the prime factors of 7951443.
3, 19, 199, 701
List the prime factors of 4064917.
19, 213943
List the prime factors of 4439644.
2, 11, 23, 41, 107
What are the prime factors of 312095?
5, 7, 37, 241
List the prime factors of 61472.
2, 17, 113
List the prime factors of 36685689.
3, 12228563
What are the prime factors of 24118683?
3, 8039561
What are the prime factors of 283217?
11, 25747
List the prime factors of 15367296.
2, 3, 7, 5717
List the prime factors of 92890.
2, 5, 7, 1327
List the prime factors of 742324.
2, 11, 16871
What are the prime factors of 307629?
3, 7, 19, 257
What are the prime factors of 1132685?
5, 19, 11923
What are the prime factors of 745590?
2, 3, 5, 29, 857
What are the prime factors of 791915?
5, 41, 3863
List the prime factors of 5550513.
3, 29, 63799
What are the prime factors of 40856652?
2, 3, 1134907
What are the prime factors of 51686?
2, 43, 601
What are the prime factors of 1109857?
7, 158551
List the prime factors of 12038.
2, 13, 463
What are the prime factors of 347298?
2, 3, 7, 8269
What are the prime factors of 14797585?
5, 11, 89, 3023
What are the prime factors of 25980605?
5, 7, 661, 1123
What are the prime factors of 18859976?
2, 29, 81293
What are the prime factors of 6507452?
2, 7, 232409
List the prime factors of 141650.
2, 5, 2833
List the prime factors of 2171877.
3, 723959
What are the prime factors of 562648?
2, 53, 1327
What are the prime factors of 154996?
2, 38749
List the prime factors of 5576286.
2, 3, 929381
What are the prime factors of 3545285?
5, 709057
What are the prime factors of 1926835?
5, 73, 5279
What are the prime factors of 222107?
222107
What are the prime factors of 467643?
3, 11, 37, 383
What are the prime factors of 1825071?
3, 608357
What are the prime factors of 172935?
3, 5, 7, 61
List the prime factors of 161025.
3, 5, 19, 113
List the prime factors of 76038.
2, 3, 19, 23, 29
List the prime factors of 208810.
2, 5, 7, 19, 157
What are the prime factors of 92280?
2, 3, 5, 769
What are the prime factors of 36737?
17, 2161
List the prime factors of 13648.
2, 853
What are the prime factors of 4336681?
223, 19447
List the prime factors of 3375416.
2, 11, 317
List the prime factors of 1084315.
5, 229, 947
List the prime factors of 1206254.
2, 7, 86161
What are the prime factors of 351417?
3, 11, 23, 463
List the prime factors of 211706.
2, 11, 9623
What are the prime factors of 753577?
11, 68507
What are the prime factors of 160343?
160343
List the prime factors of 2093422.
2, 1046711
List the prime factors of 144765.
3, 5, 3217
What are the prime factors of 7049544?
2, 3, 239, 1229
List the prime factors of 717704.
2, 13, 67, 103
What are the prime factors of 653360?
2, 5, 8167
What are the prime factors of 1361433?
3, 89, 5099
What are the prime factors of 1417843?
7, 202549
List the prime factors of 134858.
2, 67429
List the prime factors of 717600.
2, 3, 5, 13, 23
What are the prime factors of 1046566?
2, 41, 12763
What are the prime factors of 24168904?
2, 47, 64279
List the prime factors of 9169875.
3, 5, 11, 13, 19
List the prime factors of 4689840.
2, 3, 5, 19541
What are the prime factors of 6045882?
2, 3, 1007647
What are the prime factors of 2450836?
2, 647, 947
What are the prime factors of 1862988?
2, 3, 19, 8171
List 